76 and 1144.
572
What is the greatest common factor of 18387 and 9?
9
Calculate the greatest common divisor of 1056 and 47344.
176
Calculate the greatest common factor of 25 and 227875.
25
Calculate the highest common factor of 11798 and 4879.
17
What is the greatest common divisor of 396 and 31548?
132
What is the highest common factor of 29220 and 2040?
60
What is the greatest common divisor of 42265 and 1343?
79
Calculate the greatest common factor of 1200615 and 975.
195
What is the greatest common divisor of 57600 and 5850?
450
What is the greatest common divisor of 11264 and 9328?
176
What is the highest common factor of 1428 and 156723?
357
Calculate the highest common factor of 18285 and 345.
345
What is the greatest common factor of 19161 and 45?
9
Calculate the highest common divisor of 3240 and 17595.
45
What is the highest common factor of 2040468 and 552?
276
Calculate the highest common factor of 1312 and 304.
16
Calculate the highest common factor of 152140 and 40.
20
Calculate the greatest common divisor of 323 and 472447.
17
Calculate the greatest common divisor of 183240 and 5580.
180
Calculate the greatest common divisor of 63 and 647991.
9
Calculate the highest common factor of 2035 and 151415.
55
What is the greatest common factor of 127023 and 351?
39
What is the greatest common divisor of 36 and 104868?
36
What is the greatest common factor of 339 and 175037?
113
What is the highest common divisor of 20820 and 144?
12
Calculate the greatest common factor of 124646 and 4.
2
Calculate the greatest common divisor of 822957 and 279.
93
Calculate the greatest common divisor of 104 and 10699.
13
What is the greatest common factor of 352 and 341728?
32
Calculate the highest common factor of 244326 and 516.
258
Calculate the highest common factor of 264 and 9384.
24
What is the highest common factor of 11764 and 39444?
692
Calculate the highest common divisor of 113927 and 143.
11
Calculate the highest common divisor of 44 and 19868.
4
Calculate the highest common factor of 4409043 and 249.
249
What is the highest common factor of 682 and 1525634?
682
Calculate the greatest common factor of 23259 and 3.
3
Calculate the highest common factor of 32 and 19678.
2
What is the greatest common factor of 148 and 204?
4
What is the greatest common divisor of 76 and 571425?
19
What is the greatest common factor of 612 and 8258124?
204
Calculate the highest common divisor of 16310 and 250.
10
Calculate the highest common divisor of 230988 and 84.
12
Calculate the greatest common factor of 68 and 988618.
34
What is the greatest common divisor of 6094 and 616?
22
Calculate the highest common divisor of 40070 and 10.
10
What is the greatest common divisor of 684 and 134634?
114
What is the highest common factor of 36 and 214299?
9
What is the highest common divisor of 35857 and 69?
23
Calculate the highest common factor of 25935 and 6783.
399
What is the greatest common factor of 1056 and 2706?
66
Calculate the greatest common divisor of 684424 and 156.
52
What is the greatest common divisor of 2295 and 26435?
85
What is the greatest common factor of 638 and 746141?
319
What is the highest common divisor of 18 and 982206?
18
Calculate the highest common factor of 1115 and 44377.
223
What is the greatest common divisor of 540804 and 8364?
204
Calculate the greatest common factor of 59085 and 315.
45
Calculate the greatest common factor of 77 and 2457.
7
Calculate the highest common divisor of 8122 and 29344.
262
Calculate the greatest common factor of 2556 and 249423.
213
Calculate the highest common factor of 32872 and 208.
8
What is the highest common factor of 10381 and 497?
7
Calculate the greatest common divisor of 897 and 4173.
39
Calculate the greatest common divisor of 97020 and 880.
220
What is the highest common factor of 24871 and 87703?
1309
Calculate the highest common divisor of 12846 and 6.
6
Calculate the greatest common divisor of 3405 and 99.
3
Calculate the highest common divisor of 21 and 6245393.
7
What is the highest common divisor of 3189132 and 162?
162
What is the highest common factor of 3014 and 22044?
22
Calculate the highest common factor of 510 and 4794.
102
Calculate the greatest common divisor of 2052 and 48.
12
Calculate the greatest common divisor of 78 and 44044.
26
What is the highest common factor of 560 and 16180?
20
Calculate the highest common factor of 14 and 872522.
14
Calculate the greatest common divisor of 1179 and 927.
9
What is the greatest common factor of 6 and 113667?
3
Calculate the greatest common factor of 496 and 13552.
16
What is the highest common factor of 774 and 2202?
6
Calculate the highest common divisor of 30 and 2356215.
15
Calculate the greatest common factor of 76401 and 36.
9
Calculate the greatest common divisor of 332311 and 5075.
203
What is the highest common factor of 133068 and 429?
39
What is the greatest common factor of 5293 and 30?
1
What is the greatest common factor of 31439 and 1688?
211
Calculate the greatest common factor of 140235 and 15.
15
Calculate the greatest common factor of 1462 and 1784371.
731
Calculate the highest common factor of 2246 and 2.
2
Calculate the greatest common factor of 165 and 503943.
33
Calculate the greatest common factor of 532 and 11837.
133
What is the highest common divisor of 432 and 3857328?
432
What is the greatest common factor of 8370 and 124?
62
What is the highest common divisor of 20 and 49684?
4
What is the greatest common factor of 19680 and 10?
10
What is the highest common factor of 357 and 12243?
21
What is the highest common divisor of 3892 and 13344?
556
What is the highest common factor of 5626170 and 220?
110
What is the greatest common factor of 9000 and 4680?
360
Calculate the greatest common factor of 6045 and 561990.
195
What is the highest common factor of 663 and 3849378?
663
What is the greatest common divisor of 8136 and 342?
18
What is the greatest common divisor of 593865 and 1325?
265
Calculate the highest common divisor of 288 and 150480.
144
Calculate the highest common factor of 311140 and 4465.
235
Calculate the highest common factor of 56119 and 21.
7
What is the greatest common factor of 10 and 24826?
2
Calculate the highest common factor of 360339 and 21.
21
Calculate the highest common divisor of 587 and 9873927.
587
Calculate the highest common factor of 50 and 319010.
10
Calculate the greatest common divisor of 35240 and 80.
40
Calculate the greatest common divisor of 22 and 3713710.
22
What is the greatest common factor of 1241 and 442?
17
What is the highest common divisor of 10569 and 4953?
39
What is the highest common factor of 1833 and 7527?
39
Calculate the greatest common divisor of 2376 and 1524.
12
What is the highest common divisor of 16216 and 96?
8
Calculate the greatest common divisor of 12109606 and 694.
694
Calculate the highest common divisor of 725 and 638775.
25
Calculate the greatest common factor of 102 and 3712222.
34
What is the greatest common divisor of 255528 and 63?
63
What is the greatest common divisor of 12 and 23116?
4
Calculate the greatest common divisor of 285 and 162355.
95
What is the greatest common factor of 3 and 3750?
3
Calculate the greatest common divisor of 828 and 2628.
36
What is the highest common factor of 2893 and 1375?
11
What is the greatest common factor of 4293 and 1802?
53
What is the highest common factor of 9204 and 156?
156
Calculate the greatest common factor of 5313085 and 535.
535
What is the greatest common divisor of 405780 and 60?
60
Calculate the greatest common divisor of 15933 and 423.
141
Calculate the greatest common divisor of 72888 and 24.
24
Calculate the highest common divisor of 2778 and 1434837.
1389
What is the greatest common factor of 413 and 504?
7
Calculate the greatest common factor of 441 and 21.
21
What is the highest common factor of 511959 and 42?
21
What is the greatest common factor of 4686 and 33654?
426
What is the greatest common divisor of 1845 and 137145?
615
What is the greatest common factor of 3542 and 77000?
154
What is the highest common divisor of 1 and 22546?
1
Calculate the highest common factor of 17854 and 1808.
226
What is the greatest common divisor of 3501 and 130315?
389
Calculate the gre